{"id":9,"date":"2019-11-11T16:11:41","date_gmt":"2019-11-11T15:11:41","guid":{"rendered":"https:\/\/www.pladigmare.es\/?page_id=9"},"modified":"2019-11-11T16:11:41","modified_gmt":"2019-11-11T15:11:41","slug":"quienes-somos","status":"publish","type":"page","link":"https:\/\/electrocamas.com\/index.php\/quienes-somos\/","title":{"rendered":"Quienes somos"},"content":{"rendered":"\n<p>Con fecha 10 de Enero de 2017, la&nbsp;<strong>Asociaci\u00f3n Plataforma por la Dignidad de las Personas Mayores en las Residencias<\/strong>&nbsp;(PLADIGMARE), se inscribe en el Registro de Asociaciones de la Comunidad de Madrid, Secci\u00f3n 1\u00aa, con el n\u00ba 37138.<br>Antes de esa fecha, el 1 de Marzo de 2016, comenzamos nuestra andadura como Plataforma con el&nbsp;<strong>objetivo com\u00fan de la difusi\u00f3n y sensibilizaci\u00f3n social en la defensa de la dignidad de nuestros mayores en las residencias<\/strong>.<br>Esta Asociaci\u00f3n la formamos familiares, residentes y trabajadores de residencias de mayores.<br>Nuestro&nbsp;<strong>\u00e1mbito actual se circunscribe a la Comunidad de Madrid<\/strong>, ya que las competencias sobre la materia son mayoritariamente de las Comunidades Aut\u00f3nomas, aunque colaboramos con otras asociaciones o agrupaciones de otros lugares de Espa\u00f1a..<\/p>\n\n\n\n<figure class=\"wp-block-image\"><img decoding=\"async\" src=\"https:\/\/pladigmare.es\/sites\/default\/files\/necesitamosenchino.jpg\" alt=\"Las residencias necesitan m\u00e1s personal\"\/><\/figure>\n\n\n\n<p>La Asociaci\u00f3n debe su surgimiento a la constataci\u00f3n por parte de familiares, residentes y trabajadores, de las&nbsp;<strong>m\u00faltiples deficiencias que se detectan en las residencias<\/strong>, que dejan de tener un car\u00e1cter de excepcionalidad cuando salen a la luz y se comprueba que es una situaci\u00f3n mucho m\u00e1s generalizada de lo que ser\u00eda de desear.<br>Presidiendo todas esas deficiencias se encuentra&nbsp;<strong>la insuficiencia de personal<\/strong>, que se traduce en colas para poder utilizar el aseo, instrucciones para que hagan sus necesidades en los pa\u00f1ales (que para eso los llevan, les dicen), descontrol en la medicaci\u00f3n pautada, uso excesivo de sujeciones, extrav\u00edo de prendas y pr\u00f3tesis de todo tipo, insuficiente atenci\u00f3n para dar de comer a los que no se pueden valer por s\u00ed mismos,<strong>&nbsp;descontrol e incumplimiento<\/strong>&nbsp;de los cambios posturales de los encamados que ingresan en los hospitales desnutridos y con \u00falceras en las extremidades inferiores por presi\u00f3n, imposibilidad de sacar a los residentes sin autonom\u00eda en su movilidad a pasear por los patios y jardines interiores, lamentable estado, a veces, de las instalaciones, con mal funcionamiento del aire acondicionado en verano y de la calefacci\u00f3n en invierno, vajillas descascarilladas, paredes y techos deteriorados, baberos en mal estado,&nbsp;<strong>incumplimiento de la necesaria atenci\u00f3n individualizada<\/strong>, r\u00e9gimen alimenticio sin la diferenciaci\u00f3n que requieren las situaciones particulares de muchos de los residentes\u2026<\/p>\n\n\n\n<p>En la Comunidad de Madrid,&nbsp;<strong>seg\u00fan el estudio Envejecimiento<\/strong>&nbsp;en red del Consejo Superior de Investigaciones Cient\u00ed\ufb01cas (CSIC). Centro de Ciencias Humanas y Sociales (CCHS). Envejecimiento en Red (2014). \u201cEstad\u00edsticas sobre residencias: distribuci\u00f3n de centros y plazas residenciales por provincia.<\/p>\n\n\n\n<div class=\"wp-block-image\"><figure class=\"alignleft\"><img decoding=\"async\" src=\"https:\/\/pladigmare.es\/sites\/default\/files\/incrustados\/ancianoBilbao-1.jpg\" alt=\"Envejecimiento\"\/><\/figure><\/div>\n\n\n\n<p>Datos de diciembre de 2013\u201d. Madrid, Informes en Red, n\u00ba 7. [Fecha de publicaci\u00f3n: 20\/02\/2014].\u201d, existen 479 residencias de ancianos, de las cuales s\u00f3lo 77 son p\u00fablicas, que ofrecen un total de 47.954 plazas, de las cuales s\u00f3lo 11.137 son p\u00fablicas. Es decir,<strong>&nbsp;casi el 84% de las residencias y el 77% de las plazas est\u00e1n en manos privadas<\/strong>&nbsp;y s\u00f3lo el 16% de las residencias y el 23% de las plazas son de titularidad p\u00fablica. Si a esto a\u00f1adimos que un porcentaje importante de las que son p\u00fablicas son gestionadas por empresas privadas, no podemos sino concluir que&nbsp;<strong>la gesti\u00f3n de la vida de los mayores tiene como principal caracter\u00edstica la idea de explotaci\u00f3n de un negocio<\/strong>&nbsp;que, dada la concentraci\u00f3n de la propiedad y la naturaleza de fondos de inversi\u00f3n y fondos buitres de quienes dominan el sector, prioriza el beneficio empresarial en detrimento del bienestar de los residentes.<br><strong>No puede ser m\u00e1s importante el negocio que el bienestar de las personas mayores.<\/strong><\/p>\n\n\n\n<p>Si a la idea de explotaci\u00f3n de un negocio en lo privado que parece buscar fundamentalmente el beneficio econ\u00f3mico,&nbsp;<strong>a\u00f1adimos las pol\u00edticas de austeridad y recortes practicadas<\/strong>&nbsp;por los diferentes gobiernos (central y auton\u00f3mico), tenemos la explicaci\u00f3n de la situaci\u00f3n en que se encuentran los mayores en las residencias y que se ha explicado en p\u00e1rrafos anteriores. Para que el negocio lo siga siendo y para poder seguir recortando partidas que inciden directa e indirectamente en la calidad y dignidad de la vida de las personas mayores, resulta necesario que haya&nbsp;<strong>opacidad, falta de control y alienaci\u00f3n de los familiares de los residentes<\/strong>.<\/p>\n\n\n\n<p>Todos los que hemos pasado por la experiencia de tener un familiar en una residencia, sabemos de los esfuerzos de sus responsables porque los problemas,&nbsp;<strong>las deficiencias, no trasciendan, no salgan a la luz p\u00fablica<\/strong>. S\u00f3lo en el a\u00f1o y medio que llevamos de existencia se han puesto, que nosotros sepamos, media docena de denuncias en los Juzgados (dos en Usera, una en Legan\u00e9s, dos en Alcorc\u00f3n y la m\u00e1s reciente que ha causado un aut\u00e9ntico esc\u00e1ndalo por la gravedad de las im\u00e1genes, en Arganda), sin contar las centenares de quejas que no trascienden a la opini\u00f3n p\u00fablica.<br><strong>Si los trabajadores hablaran<\/strong>, como en Arganda;&nbsp;<strong>si los familiares contaran las situaciones<\/strong>&nbsp;que viven cotidianamente en la atenci\u00f3n de sus familiares residentes, si todos, unos y otros contaran todo lo que sucede en las residencias, se producir\u00eda en la sociedad una<strong>&nbsp;conmoci\u00f3n de magnitudes importantes<\/strong>.<\/p>\n\n\n\n<figure class=\"wp-block-image\"><img decoding=\"async\" src=\"https:\/\/pladigmare.es\/sites\/default\/files\/fotoSol1_2017-10-26_14-11-25.jpg\" alt=\"No puede ser m\u00e1s importante el negocio que el bienestar de nuestros mayores\"\/><\/figure>\n\n\n\n<p>En las residencias no existe control sobre la gesti\u00f3n (estamos hablando de vidas humanas), ni por parte de los residentes, ni por parte de los familiares. En nuestra comunidad mediante la Orden 766 de 1993, se crearon los Consejos de Residentes para las residencias de titularidad p\u00fablica y en el a\u00f1o 2012, despu\u00e9s de una reclamaci\u00f3n sobre la inexistencia de este \u00f3rgano en la residencia de Usera, el Defensor del Pueblo oblig\u00f3 a la Comunidad de Madrid (que se negaba a ello) a que se crearan&nbsp;<strong>\u00f3rganos de participaci\u00f3n de los residentes en todas las residencias de titularidad p\u00fablica<\/strong>, fueran de gesti\u00f3n p\u00fablica o de gesti\u00f3n privada y en todas aquellas que tuvieran alg\u00fan tipo de financiaci\u00f3n p\u00fablica, aunque fueran privadas. Se crearon los Consejos de Usuarios, pero con menos competencias que los de los residentes, con ser \u00e9stas pocas. S\u00f3lo los familiares que tengan la tutela legal de los residentes incapacitados judicialmente pueden participar en los mismos.<br><strong>Nuestra Asociaci\u00f3n surge como consecuencia de la indefensi\u00f3n en que se encuentran los mayores, en defensa de los mismos y de su dignidad<\/strong>; y sobre todo tras el hartazgo del ninguneo de las instituciones a las denuncias que los trabajadores, en su \u00e1mbito, llevan a cabo y de las quejas y reclamaciones que los familiares realizan y a las que siempre<strong>&nbsp;la Comunidad de Madrid o no responde o lo hace negando la mayor<\/strong>. Para denunciar y combatir estas situaciones, para que la consideraci\u00f3n de servicio social que tiene la atenci\u00f3n a las personas mayores que ya no pueden valerse por s\u00ed mismos, no sea sustituida por la idea de negocio, para&nbsp;<strong>hacer realidad lo que se establece en el art\u00edculo 50 de la Constituci\u00f3n<\/strong>&nbsp;Espa\u00f1ola: \u201cLos poderes p\u00fablicos garantizar\u00e1n, mediante pensiones adecuadas y peri\u00f3dicamente actualizadas, la su\ufb01ciencia econ\u00f3mica a los ciudadanos durante la tercera edad. Asimismo, y con independencia de las obligaciones familiares,&nbsp;<strong>promover\u00e1n su bienestar mediante un sistema de servicios sociales<\/strong>&nbsp;que atender\u00e1n sus problemas espec\u00ed\ufb01cos de salud, vivienda, cultura y ocio\u201d.<\/p>\n\n\n\n<div class=\"wp-block-image\"><figure class=\"alignright\"><img decoding=\"async\" src=\"https:\/\/pladigmare.es\/sites\/default\/files\/pladig920.jpg\" alt=\"Lectura de comunicado en Sol\"\/><\/figure><\/div>\n\n\n\n<p>Desde nuestra Asociaci\u00f3n&nbsp;<strong>impulsamos la auto-organizaci\u00f3n de los colectivos afectados<\/strong>, hoy m\u00e1s que nunca es necesaria la \u00e9tica, la concienciaci\u00f3n de todos y establecer un l\u00edmite al silencio, que no permita el atropello a los derechos y dignidad de los mayores, que en la actualidad est\u00e1 tomando&nbsp;<strong>el cariz de maltrato institucional<\/strong>&nbsp;\u201cCualquier legislaci\u00f3n, programa, procedimiento, actuaci\u00f3n u omisi\u00f3n procedente de los poderes p\u00fablicos o privados, o derivados de la actuaci\u00f3n individual del profesional de estos que conlleve abuso, negligencia o detrimento de salud, de la seguridad, del estado emocional o del estado de bienestar f\u00edsico, o que los derechos de las personas mayores no sean respetados.\u201d<br>Los familiares deben ejercer el control en las residencias que no se quiere que haya,&nbsp;<strong>hay que sacar a la luz los problemas como un primer paso para su soluci\u00f3n<\/strong>. Hay que crear Asociaciones o&nbsp;<strong>Agrupaciones de Familiares en todas y cada una de las residencias<\/strong>. Para que se cumplan los contratos establecidos con las residencias, para&nbsp;<strong>que no se escatime en dotar de todo aquello que precisen las personas mayores<\/strong>&nbsp;(pa\u00f1ales, reposici\u00f3n de ropa extraviada, pr\u00f3tesis, etc.), para que se controle el gasto farmac\u00e9utico y la medicaci\u00f3n.<\/p>\n\n\n\n<p>Pretendemos que se creen Consejos de Residentes o de Usuarios en todas las residencias, as\u00ed se lo manifestamos al Director General del Mayor en una reciente reuni\u00f3n a la que fuimos convocados (no existen incluso en algunas residencias p\u00fablicas como la de Alcorc\u00f3n) y pretendemos que tengan m\u00e1s competencias y que puedan participar en ellos los familiares.<br>Pretendemos que no se nos siga enga\u00f1ando con las ratios de personal, que se adec\u00faen a la realidad actual, que se establezcan por turnos y por categor\u00edas.<br>La dignidad de los que nos defendieron y dieron todo por nosotros cuando no nos pod\u00edamos defender se merece que los familiares y trabajadores pongamos freno a tanto atropello a sus derechos, consiguiendo que se realicen los cambios legislativos necesarios que se adapten a la realidad social actual y que los responsables cumplan con sus obligaciones.<br>Porque todos somos hijos y fueron nuestros mayores los que en su vida hicieron lo mejor por nosotros, los que tuvieron mil ojos para cuidarnos, somos a quienes ahora nos toca hacer lo mismo para garantizar sus cuidados.&nbsp;<strong>Nuestro futuro s\u00f3lo ser\u00e1 digno si somos capaces hoy de defender los derechos de las personas mayores<\/strong>&nbsp;porque fuimos, somos y ser\u00e1n\u2026<br>&nbsp;<\/p>\n\n\n\n<p>Octubre de 2017<\/p>\n","protected":false},"excerpt":{"rendered":"<p>Con fecha 10 de Enero de 2017, la&nbsp;Asociaci\u00f3n Plataforma por la Dignidad de las Personas Mayores en las Residencias&nbsp;(PLADIGMARE), se inscribe en el Registro de Asociaciones de la Comunidad de Madrid, Secci\u00f3n 1\u00aa, con el n\u00ba 37138.Antes de esa fecha, el 1 de Marzo de 2016, comenzamos nuestra andadura como Plataforma con el&nbsp;objetivo com\u00fan de [&hellip;]<\/p>\n","protected":false},"author":1,"featured_media":0,"parent":0,"menu_order":0,"comment_status":"closed","ping_status":"closed","template":"","meta":{"footnotes":""},"_links":{"self":[{"href":"https:\/\/electrocamas.com\/index.php\/wp-json\/wp\/v2\/pages\/9"}],"collection":[{"href":"https:\/\/electrocamas.com\/index.php\/wp-json\/wp\/v2\/pages"}],"about":[{"href":"https:\/\/electrocamas.com\/index.php\/wp-json\/wp\/v2\/types\/page"}],"author":[{"embeddable":true,"href":"https:\/\/electrocamas.com\/index.php\/wp-json\/wp\/v2\/users\/1"}],"replies":[{"embeddable":true,"href":"https:\/\/electrocamas.com\/index.php\/wp-json\/wp\/v2\/comments?post=9"}],"version-history":[{"count":0,"href":"https:\/\/electrocamas.com\/index.php\/wp-json\/wp\/v2\/pages\/9\/revisions"}],"wp:attachment":[{"href":"https:\/\/electrocamas.com\/index.php\/wp-json\/wp\/v2\/media?parent=9"}],"curies":[{"name":"wp","href":"https:\/\/api.w.org\/{rel}","templated":true}]}}